1. Let i be t(1). Let j = -71 + 31. Let b = j + 68. What is the highest common factor of b and i?
28
Suppose -2*p + 3406 = 5*x, -20*x = -22*x - 2*p + 1360. Calculate the greatest common factor of 176 and x.
22
Let r(o) = -o + 1. Let t be r(-1). Suppose 3*m = 2*v - 3, -8*v = m - 5*v - 10. Let u be -1*2*-14*m/t. Calculate the greatest common divisor of 28 and u.
14
Let m(v) = 2*v**2 - 18*v - 110. Let d be m(-5). Suppose 45*y = d*y + 450. Calculate the highest common factor of y and 135.
15
Let g = 6519 - 6501. Let v = 0 - -5. Suppose 0 = 5*u + j - 88, v*u + 2*j = 5*j + 96. Calculate the greatest common factor of g and u.
18
Let v = 42 + -26. Suppose 156 = 2*u - 220. Suppose 5*n - u = -68. Calculate the greatest common factor of n and v.
8
Suppose 2*y + 3041 - 493 = h, 5*h - 12784 = -y. Calculate the highest common divisor of 198 and h.
18
Suppose h = -3*k - h + 120, -6*k + 270 = -h. Calculate the highest common divisor of 517 and k.
11
Let n be 9/((-324)/(-186)) - (-2)/(-12). Suppose -2*d + 2*b + 34 = 0, 0 = 3*d - d - n*b - 31. What is the greatest common factor of 126 and d?
18
Let b(o) = o**2 - 49*o - 1788. Let m be b(-60). What is the greatest common divisor of 99 and m?
99
Let d = 2515 - 2050. Calculate the greatest common factor of d and 15.
15
Let b(r) = r**2 - 16*r - 47. Let f be b(18). Let q = -18 - -20. Let t be (-396)/f - (-2 + q). What is the highest common factor of 9 and t?
9
Let r(k) = k**3 + 9*k**2 + 3*k - 15. Let q be r(-9). Let a = -43 - q. Let t be -2 - -123*(-4)/(-6) - a. What is the greatest common factor of 27 and t?
27
Suppose -3*c + 6 = 2*x, 3*x - 3 = c + 2*x. Suppose 5*n + 0 + 5 = c, -5*n + 415 = 2*j. What is the highest common divisor of j and 84?
42
Let s(d) = -d - 4. Let z be s(-8). Suppose 0 = -3*t + 2*c + 19, 3*t + 18 = 5*t - z*c. What is the greatest common divisor of t and 2?
1
Let j(w) = 12*w**2 - 11*w - 339. Let u be j(-5). Suppose -4*s + 3*s + 394 = -3*k, -4*s + 1608 = 4*k. What is the greatest common divisor of s and u?
16
Let r be ((-9)/((-54)/(-12)))/5 - 3554/(-10). What is the highest common divisor of 20 and r?
5
Let a(j) = 4*j**2 - 62*j - 820. Let r be a(-10). Calculate the greatest common divisor of r and 200.
200
Let u be 4*2/(-8) - -11. Let y be 90*35/u*(-6)/(-7). Calculate the greatest common divisor of y and 30.
30
Let a(z) = z**3 - 8*z**2 + 1256*z - 7410. Let x be a(6). Suppose -2*q = -4*p - 5*q + 798, -3*p + 600 = 3*q. Calculate the greatest common divisor of x and p.
18
Let r = -592 + 595. Suppose -r*n + 5*u = -296, -3*u - 215 - 85 = -3*n. Calculate the greatest common divisor of n and 51.
51
Suppose -5*t = 5*m - 95, 0*m + 109 = 5*t - 2*m. Calculate the greatest common divisor of 12 and t.
3
Let u(p) = 13*p + 1538. Let n be u(-83). Calculate the greatest common divisor of n and 2025.
27
Let x(r) = -381*r + 5763. Let b be x(15). Calculate the highest common divisor of b and 23376.
48
Let l be 36/(-27)*(-36)/(-8) + 61. Let b = l - -109. Calculate the greatest common factor of 41 and b.
41
Let r be ((-8 - -6) + 2)/3. Suppose 5*u - 697 - 1058 = r. What is the highest common factor of u and 27?
27
Suppose -229 = -3*b - 214. Suppose -5*g + 23 = c, 8*g - b*c + 3 = 5*g. Let v = 11 + -7. Calculate the highest common divisor of g and v.
4
Let s(f) = -f**3 - 10*f**2 - 19*f - 27. Let n be s(-9). Let c be (3 - n)*12/(-24). Calculate the highest common factor of 105 and c.
15
Let i = -47077 - -47089. Let s(r) = -r**2 + 3*r - 1. Let l be s(3). Let v be (3/(-2))/(l/12). Calculate the highest common divisor of v and i.
6
Suppose o = -b + 68, -5*b - 2*o + 256 = -69. Suppose 0 = -b*m + 64*m - 308. What is the greatest common divisor of 28 and m?
28
Let p = -30 + 34. Suppose -2 = -3*y - p*q, -q = -6*y + 3*y + 22. Let o(x) = 26*x + 2. Let v be o(2). What is the greatest common divisor of y and v?
6
Let q = 4 + -4. Suppose q = -7*c - 131 - 443. Let s = c + 94. Calculate the greatest common divisor of s and 9.
3
Suppose 344 = -a - 8*b + 13*b, 2*a + 648 = 2*b. Let n = a - -353. What is the greatest common divisor of 782 and n?
34
Let q = 347 + -165. Let k be (-15 + q)*(1 - 0). Suppose 2*f - 2*o - 169 - k = 0, 348 = 2*f + 4*o. Calculate the greatest common factor of 17 and f.
17
Suppose -901*j = -883*j - 270. Calculate the greatest common divisor of j and 515.
5
Let y(j) = -2*j**2 + 11*j + 9. Let v be y(6). Let n(i) = 9*i**2 - 2*i - 2. Let z be n(v). Let r = 87 - z. What is the highest common factor of r and 42?
14
Let a be (-1)/(-5)*130 + 247. Suppose -2*b + 12 = -66. What is the greatest common factor of a and b?
39
Let i be 10*((-8)/5)/(-2). Let o = -702 + 700. Let y be o/((-27)/6 + (8 - 4)). What is the greatest common divisor of y and i?
4
Suppose 19*y - 17643 = -6291 + 33013. What is the greatest common divisor of y and 5?
5
Let d(l) = l - 3. Let g(b) = 30*b - 153. Let c(i) = -15*d(i) + g(i). Let t be c(8). What is the highest common factor of t and 138?
6
Let j be 5/(20/124) + -19 + 12. What is the highest common divisor of 300 and j?
12
Suppose -2*a + 8*c - 3*c - 9 = 0, -5*a + 3 = -4*c. Suppose -10*o + 175 = -a*o. Calculate the greatest common divisor of 100 and o.
25
Let h(d) = 128*d**2 - d - 1. Let b be h(-1). What is the highest common divisor of 6976 and b?
64
Suppose 0 = 7*d + 8*d + 2925. Let s = -176 - d. Let k(m) = 7*m**2 - 7*m + 10. Let f be k(-6). What is the greatest common divisor of s and f?
19
Let w = 2173 - 936. Let b = 1297 - w. Suppose m - 2*p - 3*p = 60, -4*p = -m + 57. Calculate the highest common factor of b and m.
15
Let k be -60 + (-6)/(-24)*0. Suppose -5*q + 8*q + 285 = 0. Let g = k - q. What is the greatest common divisor of g and 7?
7
Let u be 296/37*(-1 - -2). Calculate the greatest common divisor of 1208 and u.
8
Let k = -5009 + 5012. What is the highest common divisor of 843 and k?
3
Let l be (-6)/(-1) - ((5 - 180) + 0/(-3)). Calculate the highest common divisor of l and 724.
181
Suppose -202*z + 301*z = 137808. Calculate the highest common divisor of 6612 and z.
348
Let o be (-55)/(-4)*1680/1050. What is the greatest common divisor of 8041 and o?
11
Let q(a) = 6*a + 33. Let u be q(-6). Let p be -3 + 1/(u/(-45)). What is the greatest common factor of 6 and p?
6
Let s(p) = 32*p + 9. Let n be s(3). Let g be 1050/49 - (-3)/(-7). Suppose 0 = -3*r + g + 84. Calculate the greatest common factor of r and n.
35
Suppose 5*k - 5 = 5*o, 5*o - 21 = -k - 8. Let c(v) = 134*v + 18. Let w be c(k). Let f be w/8 + (-3)/6. What is the greatest common divisor of f and 13?
13
Let r be (-18)/(-10)*2*5. Let c(m) = 94*m + 4. Let s be c(-1). Let n be (-42)/35*(s/4)/1. What is the highest common divisor of r and n?
9
Let u be ((-3150)/280)/(((-14)/(-16))/(-7)). What is the highest common factor of 2430 and u?
90
Suppose 4*y + 2 - 6 = 0, -5*a - 3*y = -123. Let b = 57 - a. What is the greatest common factor of b and 231?
33
Suppose 144 - 136 = -2*b, 2312 = 4*s - 4*b. What is the highest common divisor of s and 410?
82
Let p be (-16 - 4)*(0 - 0 - (-544)/(-34)). What is the greatest common factor of 4544 and p?
64
Suppose -o - 3*p + 486 = 0, 484 = 41*o - 40*o + p. What is the greatest common factor of 322 and o?
161
Let r be ((-14)/5)/(232/(-124120)). What is the greatest common divisor of 119 and r?
7
Suppose 0 = -39*s + 23*s. Suppose s*g - g = 3*r - 3, r = -g + 11. Calculate the highest common factor of 45 and g.
15
Let m be (-5 + 35/(-5) - -3) + 3. Let k be (m + 2)/2 + 8. What is the highest common divisor of 48 and k?
6
Suppose -100*n + 13955 = 2255. What is the highest common factor of 325 and n?
13
Suppose m + 1255 = 3*a, a - 4*m - 396 = 4. Let f = -51590 - -51632. Calculate the highest common factor of a and f.
42
Let q = -663 + 665. Let v be ((-4)/(-1 - 3))/(q/84). What is the greatest common divisor of v and 126?
42
Let a(i) = -12*i + 2. Let q = 15 + -43. Let b be (-8)/q - 96/42. Let y be a(b). Calculate the greatest common factor of 65 and y.
13
Suppose 0 = -5*o - 5*x + 175, 964*x - 49 = -2*o + 959*x. Suppose 3*z - 5*n = 1114, 0*n + 772 = 2*z + 4*n. Calculate the highest common divisor of z and o.
42
Suppose y = 3*m + 4515, -184*m = -3*y - 183*m + 13505. What is the greatest common divisor of y and 36?
36
Suppose -5*v + 311 = 2*j, 32*j - 10 = 37*j. Calculate the highest common divisor of 133 and v.
7
Su